 = -w**3 + 6*w**2 - 11*w + 14. What is j(4)?
2
Let o(w) = w**3 - 15*w**2 + 19*w - 13. Give o(14).
57
Let y(g) = -g**3 + 7*g**2 + 23*g - 42. What is y(9)?
3
Let m(d) = -d**2 - 17*d - 13. What is m(-17)?
-13
Let l(s) = -s**3 - 4*s**2 + 3*s - 2. Determine l(-5).
8
Let w(s) = 2*s**3 - 28*s**2 + 12*s + 9. Determine w(13).
-173
Let h(u) = u**3 + 10*u**2 + u + 14. Calculate h(-10).
4
Let z(j) = 2*j**3 + j**2 + 2*j + 1. Calculate z(-1).
-2
Let h(f) = -f**2 - 13*f - 20. Calculate h(-9).
16
Let u(o) = -o**3 - 6*o**2 - 3*o + 10. Calculate u(-3).
-8
Let o(m) = -m**3 - 5*m**2 - 2. Give o(-5).
-2
Let u(b) = -b**2 + b - 26. Calculate u(10).
-116
Let d(n) = -n**2 - 16*n - 6. Give d(-16).
-6
Let z(o) = -6*o - 37. Determine z(-6).
-1
Let s(p) = -p**2 - 15*p + 7. Determine s(-14).
21
Let n(v) = 30*v + 91. What is n(-3)?
1
Let g(p) = 6*p - 13. What is g(4)?
11
Let j(i) = i**3 - 7*i**2 - 4*i - 39. What is j(8)?
-7
Let l(y) = 3*y**2 - 2*y - 2. What is l(3)?
19
Let a(t) = -27*t + 29. Determine a(2).
-25
Let p(o) = -o**3 + 7*o**2 + 3*o + 42. Determine p(8).
2
Let o(x) = 2*x**2 + 26*x + 65. What is o(-10)?
5
Let o(z) = z**3 + 4*z**2 + 3*z + 7. Determine o(-4).
-5
Let j(q) = -q**3 + 16*q**2 + 14*q + 16. What is j(17)?
-35
Let x(r) = r**3 + 9*r**2 + 9*r + 10. Determine x(-8).
2
Let j(i) = 2*i - 11. Give j(-8).
-27
Let r(m) = -2*m**2 + 52*m + 144. What is r(29)?
-30
Let a(w) = 2*w**2 - 17*w - 21. Determine a(11).
34
Let m(o) = 2*o**3 + 39*o**2 - 20*o + 12. Calculate m(-20).
12
Let v(r) = -r**3 + 19*r**2 + 43*r - 16. Determine v(21).
5
Let k(u) = -u**2 + 5*u + 56. Give k(10).
6
Let j(h) = h**2 - 4*h - 70. Give j(10).
-10
Let m(v) = v**2 - 13*v - 8. Calculate m(11).
-30
Let t(b) = -b**3 + 9*b**2 + 22*b - 3. Determine t(11).
-3
Let n(o) = -2*o**2 + 2*o + 3. Give n(-2).
-9
Let g(w) = -6*w - 82. What is g(-13)?
-4
Let s(t) = -t**3 - 17*t**2 + 18*t - 3. What is s(-18)?
-3
Let p(k) = -k**3 + 4*k**2 + 2*k + 3. Calculate p(5).
-12
Let x(o) = 4*o - 4. What is x(-1)?
-8
Let d(w) = -w**3 - w**2 - w + 2. Give d(-2).
8
Let k(c) = -c**2 + 5. Calculate k(-3).
-4
Let a(j) = -j**3 + 7*j**2 - 3*j - 6. What is a(4)?
30
Let u(g) = -g**3 - g**2 - 4. Give u(2).
-16
Let y(z) = -z**3 - 12*z**2 + 2*z - 3. Give y(-12).
-27
Let k(n) = -7*n - 39. What is k(-4)?
-11
Let l(o) = o**3 - 14*o**2 + 11*o + 12. Calculate l(13).
-14
Let f(i) = -40*i + 595. Determine f(15).
-5
Let h(v) = v**2 - 16*v - 20. What is h(19)?
37
Let y(b) = -b**3 - 3*b**2 + b - 2. Determine y(-4).
10
Let g(i) = -4*i**2 - 26*i + 5. Determine g(-7).
-9
Let s(m) = m**2 - 2. Calculate s(-3).
7
Let g(n) = -n**3 + 5*n**2 + 4*n - 1. Give g(6).
-13
Let x(h) = h**3 + 5*h**2 - h. Calculate x(-4).
20
Let t(d) = 10*d - 73. Determine t(7).
-3
Let h(b) = 2*b**3 - 16*b**2 + 15*b - 18. What is h(7)?
-11
Let t(i) = i**3 - 15*i**2 + 15*i - 3. Calculate t(14).
11
Let r(j) = 2*j**3 - 12*j**2 + 14*j - 10. Determine r(5).
10
Let n(p) = 72*p + 1. Determine n(2).
145
Let f(p) = -21*p**2 - 2*p + 5. Calculate f(2).
-83
Let z(j) = -5*j - 18. Give z(-6).
12
Let s(l) = -2*l**3 - l**2 + 4*l + 4. What is s(-2)?
8
Let v(t) = -t**3 + 7*t**2 - 9*t + 6. What is v(6)?
-12
Let l(b) = -5*b - 6. Determine l(-2).
4
Let x(v) = -v**3 + v**2 - 3*v - 45. Calculate x(0).
-45
Let i(v) = 38*v - 388. Calculate i(10).
-8
Let a(h) = 3*h**2 + 53*h - 26. Give a(-18).
-8
Let o(q) = -q**2 - 10*q + 2. What is o(-11)?
-9
Let s(u) = -u**2 + u - 11. Determine s(0).
-11
Let k(d) = -d + 16. What is k(-3)?
19
Let b(o) = 12*o - 8. Give b(-4).
-56
Let q(t) = 15*t**2 + 2*t + 1. Give q(-2).
57
Let p(q) = -2*q**3 + 19*q**2 - 34*q + 9. Determine p(7).
16
Let k(j) = -j**3 + 5*j**2 + 5*j - 9. Give k(5).
16
Let u(f) = -2*f - 9. What is u(-4)?
-1
Let q(b) = -2*b - 3. Determine q(7).
-17
Let k(l) = l - 4. What is k(10)?
6
Let y(c) = 2*c**2 - 16*c + 1. Calculate y(7).
-13
Let t(q) = q**3 + 2*q**2 - 55*q - 152. Determine t(-3).
4
Let d(u) = 3*u**2 + 16*u - 13. Determine d(-6).
-1
Let l(y) = -y - 1. What is l(9)?
-10
Let v(l) = 40*l + 321. Determine v(-8).
1
Let p(a) = -a - 13. Give p(-12).
-1
Let t(m) = 21*m**2 - 1. Determine t(-1).
20
Let x(b) = 3*b + 12. Give x(-8).
-12
Let f(j) = -2*j**2 + 51*j + 40. Calculate f(27).
-41
Let x(n) = -n**3 - 5*n**2 + 23*n - 5. Calculate x(-8).
3
Let o(i) = -18*i - 58. Calculate o(-3).
-4
Let d(a) = -a**3 + a + 5. What is d(0)?
5
Let h(o) = -o**2 + o + 29. Calculate h(0).
29
Let h(i) = 15*i + 5. Determine h(3).
50
Let d(i) = i**3 + 4*i**2 + 13*i + 12. Calculate d(-2).
-6
Let w(x) = -x**3 + 37*x**2 - 37*x + 29. Calculate w(36).
-7
Let a(b) = b**3 - 8*b**2 + 12*b - 98. Give a(8).
-2
Let r(h) = -h**3 - 8*h**2 - h - 4. Give r(-8).
4
Let k(h) = 29*h + 19. What is k(1)?
48
Let y(f) = f**3 + 3*f**2 - 5. Calculate y(-3).
-5
Let g(b) = -b**3 + 7*b**2 + 6*b + 7. Give g(8).
-9
Let v(w) = -2*w - 10. Give v(-8).
6
Let q(b) = -b**3 - 4*b**2 - 3*b - 1. Determine q(-4).
11
Let l(t) = -7*t + 2. Calculate l(1).
-5
Let n(a) = -a**3 - 10*a**2 - 8*a + 9. Give n(-9).
0
Let x(m) = 5*m**2 + 17*m - 11. Give x(-4).
1
Let g(v) = -v**3 - 12*v**2 - 13*v - 15. Determine g(-11).
7
Let w(l) = 5*l**2 + l + 1. Give w(3).
49
Let q(h) = 22*h + 2. Calculate q(-1).
-20
Let h(s) = s**3 - s - 2. Calculate h(3).
22
Let v(q) = 25*q - 19. Give v(7).
156
Let j(a) = -33*a + 426. Calculate j(13).
-3
Let l(x) = -x**2 + x + 5. Calculate l(0).
5
Let n(g) = -11*g + 84. Give n(8).
-4
Let z(q) = -q**3 + 12*q**2 + 21*q - 22. Determine z(14).
-120
Let a(d) = -d + 7. Calculate a(18).
-11
Let y(l) = -l**2 - 16*l - 19. Calculate y(-14).
9
Let p(v) = 2*v - 12. Calculate p(3).
-6
Let p(l) = l**2 - 5*l - 19. Give p(7).
-5
Let i(m) = 2*m + 7. Give i(5).
17
Let u(q) = 3*q**2 + 11*q + 75. Calculate u(-5).
95
Let p(q) = -q**3 + 12*q**2 + 14*q - 26. Calculate p(13).
-13
Let w(l) = l**2 - 2*l - 7. Calculate w(6).
17
Let j(k) = 6*k + 62. Determine j(-20).
-58
Let c(j) = -j**2 + 18*j - 3. What is c(18)?
-3
Let k(v) = -9*v + 99. Give k(17).
-54
Let p(j) = -17*j + 35. Determine p(3).
-16
Let i(o) = o**2 + 11*o + 7. Determine i(-7).
-21
Let c(o) = 12*o - 4. Calculate c(5).
56
Let g(z) = z**3 - 19*z**2 + 20*z - 19. Calculate g(18).
17
Let o(b) = -b**3 + 43*b**2 + 87*b + 126. What is o(45)?
-9
Let l(y) = -14*y - 5. Give l(-1).
9
Let c(k) = -k**3 + 10*k**2 + 23*k + 7. Calculate c(12).
-5
Let s(u) = -u**3 + 6*u**2 - 10*u + 4. Calculate s(4).
-4
Let y(t) = -t**3 - t**2 + 5*t + 1. Determine y(-4).
29
Let l(g) = -g**2 - g + 20. Give l(0).
20
Let w(c) = -c**3 - 8*c**2 + 10*c - 13. Calculate w(-9).
-22
Let n(g) = -3*g**2 + 14*g + 3. Give n(5).
-2
Let n(v) = -3*v**2 + 7*v + 21. Give n(5).
-19
Let n(o) = o**2 - 7*o - 7. Calculate n(-3).
23
Let a(r) = -r**3 - 16*r**2 - 16*r + 3. Calculate a(-15).
18
Let m(d) = -3*d**2 + 16*d - 2. What is m(5)?
3
Let n(m) = m**3 - 19*m**2 - 44*m + 38. Determine n(21).
-4
Let s(f) = f**3 + 2*f**2 - f - 5. Calculate s(-4).
-33
Let c(p) = p**2 + 14*p + 39. Give c(-9).
-6
Let y(q) = -q**2 + 2*q - 5. What is y(4)?
-13
Let n(v) = v**3 - 4*v**2 + 8*v + 2. Give n(4).
34
Let o(a) = -52*a - 1517. Give o(-29).
-9
Let s(v) = -13*v**3 - 9*v**2 - 4*v + 4. Give s(-1).
12
Let r(m) = -m**3 - 5*m**2 + 4*m + 18. Give r(-5).
-2
Let p(v) = v**3 - 4*v**2 - 9*v + 5. Give p(6).
23
Let u(j) = j**3 - 5*j**2 - 9*j + 15. What is u(6)?
-3
Let l(k) = -k**2 + 17*k + 3. What is l(14)?
45
Let b(a) = a - 16. What is b(0)?
-16
Let i(h) = -3*h - 38. Determine i(-7).
-17
Let j(k) = 4*k + 7. Determine j(-3).
-5
Let b(i) = 3*i**2 - 2*i. Give b(1).
1
Let u(a) = -3*a**3 + 120*a**2 + 126*a - 119. Calculate u(41).
4
Let r(h) = 3*h + 11. Calculate r(-5).
-4
Let k(p) = 67*p**2 + 3*p + 3. Calculate k(-1).
67
Let n(s) = -4*s + 15. Calculate n(19).
-61
Let w(a) = a. Calculate w(-4).
-4
Let b(c) = -2*c**2 - 13*c + 6. Calculate b(-6).
12
Let c(o) = 20*o - 1. What is c(-1)?
-21
Let p(s) = 28*s - 20. Determine p(-6).
-188
Let x(n) = -7*n**2 + 5*n - 6. Calculate x(-4).
-138
Let l(m) = -2*m**2 + 63*m - 72. Determine l(31).
-41
Let c(a) = -a**3 + 7*a**2 + 2*a - 12. Give c(6).
36
Let u(g) = -g**3 - 5*g**2 + 13*g + 50. Calculate u(-6).
8
Let x(m) = -15*m**2 - 36*m - 4. Determine x(-4).
-100
Let h(y) = y. Give h(6).
6
Let m(h) = -13*h - 52. Calculate m(-4).
0
Let w(s) = 3*s - 30. Determine w(12).
6
Let r(w) = -4*w**2 + 4*w + 37. Determine r(-4).
-43
Let c(x) = -2*x**2 + 10